15) to base 7.
-6511
Convert -39a5a (base 12) to base 5.
-10014040
Convert -9cc (base 16) to base 8.
-4714
What is 331c (base 13) in base 14?
284b
3695 (base 11) to base 3
20121122
What is 22855 (base 9) in base 8?
35656
What is 110001001 (base 2) in base 7?
1101
Convert -20c9 (base 14) to base 15.
-1a2a
Convert 11001011 (base 2) to base 4.
3023
-4431401 (base 5) to base 15
-17ca1
Convert -102233 (base 4) to base 7.
-3332
Convert 3424 (base 5) to base 13.
2b8
-102131 (base 4) to base 14
-605
Convert 1312 (base 5) to base 10.
207
What is -13045 (base 6) in base 3?
-2201002
Convert -212e (base 16) to base 4.
-2010232
Convert 14 (base 9) to base 13.
10
What is 22434 (base 8) in base 2?
10010100011100
What is 5475 (base 8) in base 10?
2877
-22722 (base 8) to base 13
-453a
What is 1135 (base 8) in base 4?
21131
Convert -23013 (base 4) to base 12.
-4b3
What is -31103 (base 6) in base 15?
-1363
What is -116 (base 12) in base 10?
-162
What is -8706 (base 13) in base 2?
-100100101001101
Convert -1011002 (base 3) to base 4.
-31013
What is -2873 (base 10) in base 5?
-42443
What is 71256 (base 9) in base 10?
46869
Convert 1231051 (base 6) to base 5.
4110333
What is -2065 (base 8) in base 9?
-1426
-55 (base 7) to base 2
-101000
What is 5923 (base 11) in base 14?
2b8d
16765 (base 11) to base 6
301001
35246 (base 7) to base 6
105522
What is 623 (base 14) in base 5?
14312
What is 321 (base 5) in base 6?
222
Convert -112220200 (base 3) to base 8.
-25170
23144 (base 7) to base 8
13430
Convert 342 (base 13) to base 16.
231
Convert 11e (base 16) to base 13.
190
1b0 (base 14) to base 3
110222
Convert -3a3 (base 13) to base 5.
-10030
-2121 (base 15) to base 4
-1231132
What is 1063 (base 11) in base 16?
578
What is -3474 (base 9) in base 13?
-1234
-564 (base 10) to base 5
-4224
Convert -2323 (base 4) to base 9.
-227
What is 40022 (base 7) in base 3?
111012022
Convert -1227 (base 8) to base 12.
-473
10322020 (base 4) to base 9
30517
What is -3be (base 16) in base 13?
-589
Convert -2320 (base 6) to base 8.
-1050
-32211 (base 4) to base 15
-423
Convert -26a1 (base 14) to base 16.
-1a95
What is 1222 (base 8) in base 2?
1010010010
What is -13777 (base 11) in base 12?
-b3a5
Convert 596 (base 13) to base 15.
448
What is -144111 (base 6) in base 9?
-21017
Convert -17a11 (base 12) to base 3.
-1202000211
Convert 569 (base 15) to base 13.
732
Convert 24110 (base 6) to base 16.
daa
Convert 211443 (base 5) to base 12.
4157
What is 44242 (base 5) in base 15?
d9c
What is -23032 (base 4) in base 3?
-222121
Convert -1119 (base 13) to base 16.
-954
Convert -2536 (base 12) to base 16.
-107a
Convert -b12 (base 12) to base 11.
-1223
-1211002000 (base 3) to base 2
-1000101110111111
Convert -10a85 (base 15) to base 4.
-30330020
What is -1120202222 (base 3) in base 7?
-156626
-1606 (base 7) to base 6
-2551
-31146 (base 9) to base 10
-20535
Convert -706 (base 10) to base 13.
-424
What is -24 (base 12) in base 3?
-1001
What is -964 (base 15) in base 10?
-2119
What is 50c9 (base 13) in base 3?
120021222
-11777 (base 8) to base 4
-1033333
-1102433 (base 5) to base 2
-100101010101110
-9b0 (base 16) to base 9
-3355
Convert 30641 (base 10) to base 15.
912b
Convert -2000010 (base 3) to base 9.
-2003
Convert 45b (base 14) to base 2.
1101100001
-1866 (base 9) to base 4
-112131
What is 3376 (base 8) in base 3?
2110022
What is 2586 (base 10) in base 3?
10112210
Convert 1040114 (base 5) to base 6.
220023
-328 (base 11) to base 6
-1453
Convert 136202 (base 8) to base 15.
e473
What is 2252 (base 14) in base 12?
3540
Convert -110 (base 16) to base 15.
-132
What is 13301 (base 6) in base 16?
805
Convert -40330 (base 6) to base 5.
-132220
Convert 3208 (base 12) to base 7.
21656
1001000110 (base 2) to base 6
2410
Convert -232 (base 11) to base 5.
-2102
-14c2 (base 14) to base 9
-5058
Convert -445 (base 7) to base 5.
-1404
Convert -ab40 (base 12) to base 15.
-590c
42721 (base 11) to base 8
171220
-104 (base 12) to base 7
-301
Convert 11259 (base 11) to base 14.
5d0a
41128 (base 10) to base 16
a0a8
What is -26150 (base 7) in base 12?
-4028
-15033 (base 6) to base 10
-2397
What is -7424 (base 8) in base 13?
-19ac
Convert -2502 (base 6) to base 12.
-432
What is -1a3 (base 12) in base 16?
-10b
217 (base 9) to base 4
2302
-44538 (base 9) to base 3
-1111121022
Convert -10546 (base 8) to base 2.
-1000101100110
-5391 (base 12) to base 9
-13531
What is -52144 (base 7) in base 14?
-4924
What is 12210221 (base 3) in base 9?
5727
Convert -13051 (base 6) to base 3.
-2201011
Convert -21220200 (base 3) to base 4.
-1122021
Convert -c13a (base 14) to base 11.
-22a20
Convert 1541 (base 6) to base 16.
1a5
-200022012 (base 3) to base 10
-13343
What is -45540 (base 6) in base 9?
-8776
Convert 210200 (base 3) to base 4.
21021
Convert 20002 (base 4) to base 15.
244
-714 (base 12) to base 7
-2662
510 (base 11) to base 8
1150
Convert 7e49 (base 15) to base 14.
9ad6
Convert -1aa6 (base 14) to base 5.
-123400
e27 (base 16) to base 10
3623
What is 2681 (base 9) in base 8?
3741
What is 333114 (base 6) in base 7?
144241
What is -8739 (base 12) in base 10?
-14877
100111001111110 (base 2) to base 6
233010
What is -300140 (base 5) in base 9?
-13826
-3001110 (base 4) to base 6
-133140
What is 951 (base 12) in base 15?
607
What is 111001010000 (base 2) in base 15?
1144
-77c (base 13) to base 2
-10100000110
Convert -4404 (base 10) to base 9.
-6033
Convert 35a (base 15) to base 7.
2134
-1133 (base 6) to base 8
-421
What is 4b8 (base 15) in base 12?
755
Convert -dcb (base 15) to base 4.
-300230
What is -342 (base 9) in base 2?
-100011001
52220 (base 7) to base 8
31003
What is -32411 (base 5) in base 3?
-10001122
What is 241 (base 10) in base 3?
22221
1011101010000 (base 2) to base 3
22012001
-417 (base 12) to base 7
-1510
Convert 3022 (base 9) to base 4.
202133
66d (base 14) to base 13
76c
Convert 2001 (base 10) to base 3.
2202010
What is 474 (base 11) in base 5?
4230
-14302 (base 5) to base 10
-1202
Convert -111111101000 (base 2) to base 8.
-7750
Convert -84040 (base 9) to base 11.
-38720
Convert -85a (base 11) to base 15.
-48d
What is -212550 (base 7) in base 14?
-d697
-344515 (base 6) to base 12
-1513b
What is -101010000 (base 2) in base 9?
-413
Convert -236 (base 8) to base 13.
-c2
What is -92 (base 15) in base 3?
-12002
-322133 (base 5) to base 4
-2222212
Convert 26a (base 15) to base 13.
334
Convert 52356 (base 7) to base 5.
403004
Convert 242340 (base 5) to base 2.
10001110000111
Convert 479 (base 15) to base 10.
1014
110102 (base 3) to base 16
14f
1111001110010 (base 2) to base 10
7794
Convert -4077 (base 14) to base 8.
-25511
-689 (base 10) to base 16
-2b1
What is 7a8 (base 11) in base 4?
33011
-1113 (base 6) to base 14
-149
What is -343310 (base 6) in base 9?
-44136
111021 (base 3) to base 8
546
-350 (base 11) to base 10
-418
What is -15031 (base 11) in base 9?
-32230
Convert -16392 (base 14) to base 2.
-1101100100101100
What is 41042 (base 6) in base 9?
7388
-112210122 (base 3) to base 6
-121542
56d4 (base 14) to base 8
35352
2100210 (base 3) to base 9
2323
-214 (base 13) to base 16
-163
Convert 20002 (base 4) to base 7.
1333
-1e3 (base 16) to base 3
-122220
Convert 1300 (base 4) to base 9.
134
What is -1461 (base 7) in base 2?
-1001000110
Convert 60442 (base 7) to base 16.
3928
-524350 (base 6) to base 9
-64233
-407 (base 15) to base 7
-2434
Convert -437 (base 10) to base 13.
-278
What is -827a (base 11) in base 16?
-2ae1
Convert 8731 (base 10) to base 16.
221b
-5215 (base 6) to base 15
-528
Convert -145c (base 14) to base 15.
-110a
1937 (base 10) to base 14
9c5
What is 14100 (base 5) in base 12?
7ba
What is 4433 (base 5) in base 15?
2b3
What is 1060 (base 8) in base 4?
20300
What is -366e (base 15) in base 14?
-4311
What is 19811 (base 10) in base 5?
1113221
What is 12122000 (base 3) in base 9?
5560
400220 (base 5) to base 11
9489
What is 30133123 (base 4) in base 8?
143733
What is 20321 (base 6) in base 11?
2047
What is 9451 (base 15) in base 6?
401051
Convert 335036 (base 7) to base 9.
100382
Convert 1300 (base 9) to base 8.
1714
Convert -108 (base 11) to base 3.
-11210
-775 (base 11) to base 4
-32201
What is 1124 (base 7) in base 11?
343
What is 4433 (base 5) in base 4?
21222
Convert -11101110111001 (base 2) to base 11.
-1053